11
What is -13173473 (base 10) in base 3?
-220210021121102
-5958 (base 12) to base 4
-2130110
What is 1032044 (base 7) in base 5?
13004240
22422004 (base 5) to base 13
70944
-b23927 (base 12) to base 11
-1632571
555135211 (base 6) to base 10
10043863
What is 652652 (base 7) in base 5?
12120424
-243421444 (base 5) to base 2
-100011001111001000000
Convert -241034425 (base 6) to base 2.
-10001010010000101110001
Convert 19a172c (base 13) to base 12.
29ba456
Convert -78734 (base 11) to base 3.
-12210101221
Convert -2240124 (base 5) to base 2.
-1001110001100111
-1161522 (base 7) to base 12
-725b6
Convert a76221 (base 16) to base 11.
6212714
-22d1d (base 14) to base 2
-10100101110011111
What is 188337 (base 10) in base 13?
67956
What is 421120403 (base 5) in base 15?
245338
What is 13504513 (base 7) in base 3?
2101010100101
Convert 402535 (base 6) to base 11.
21934
What is 101200222111 (base 3) in base 15?
42647
Convert -5073a5 (base 14) to base 4.
-22111121011
Convert -a1b28 (base 12) to base 16.
-33710
What is -5495 (base 12) in base 8?
-22161
200664 (base 9) to base 16
1cf72
What is 78562 (base 12) in base 11?
aa046
Convert -102210022011200 (base 3) to base 14.
-b9130c
-6237508 (base 9) to base 4
-30231131213
Convert 57288 (base 14) to base 10.
211800
Convert -136121235 (base 7) to base 13.
-1b1aab4
Convert -102221301 (base 4) to base 6.
-1345413
Convert -15656664 (base 10) to base 3.
-1002110102220110
6217039 (base 10) to base 15
82c144
17229 (base 14) to base 9
87563
Convert -2150505 (base 6) to base 13.
-3a079
What is -1010011100010000000 (base 2) in base 11?
-214070
Convert -101202001202112 (base 3) to base 14.
-a8894d
Convert 323342 (base 6) to base 7.
140564
Convert 10a736 (base 12) to base 15.
5425c
Convert 1c103 (base 14) to base 9.
118122
10114245 (base 6) to base 14
77965
-1101111222021 (base 3) to base 10
-738457
737c6b (base 13) to base 11
1586253
Convert 1011110010001101 (base 2) to base 3.
2110012202
What is -1101222120112 (base 3) in base 2?
-10110110100001111100
What is -556520 (base 7) in base 4?
-120000311
Convert 251a69 (base 11) to base 15.
7cd83
What is 4236352 (base 7) in base 9?
862537
What is -10001230 (base 5) in base 7?
-444216
What is -3640354 (base 8) in base 10?
-999660
What is 2555142 (base 7) in base 13?
b8827
What is -1b49787 (base 13) in base 3?
-122000121020202
Convert 3414297 (base 10) to base 11.
1a22237
12302032110 (base 4) to base 11
1005301
-53a0927 (base 11) to base 14
-138dc90
-659828 (base 12) to base 16
-189e60
-1dae1 (base 16) to base 9
-204676
What is 30b468 (base 12) in base 8?
2730320
3406433 (base 7) to base 4
1213020311
Convert -12221120211 (base 3) to base 2.
-11100100101001011
-12035431 (base 6) to base 8
-1343013
Convert -55a71 (base 11) to base 6.
-1423404
-203111303 (base 4) to base 3
-21100120022
What is 5830650 (base 9) in base 3?
12221000201200
What is -237b99 (base 15) in base 10?
-1696869
What is 12211222120 (base 3) in base 9?
184876
-1010110110100001110110 (base 2) to base 15
-3b2d7a
What is -654332 (base 8) in base 2?
-110101100011011010
4420041031 (base 5) to base 2
100100010111100111000011
12023423 (base 6) to base 11
237a87
What is -23034242 (base 5) in base 16?
-32304
What is -c62c00 (base 14) in base 8?
-31416600
What is 100000010000111 (base 2) in base 16?
4087
What is -3d9005 (base 16) in base 14?
-770473
1e3bfb (base 16) to base 14
398151
What is -233493 (base 10) in base 11?
-14a477
What is 16a161 (base 11) in base 4?
1000003323
32675 (base 12) to base 3
10101101022
1013301143 (base 6) to base 10
10521207
Convert -91826 (base 16) to base 6.
-20435142
1404740 (base 8) to base 14
a4316
Convert -12110222021200 (base 3) to base 10.
-2912562
22220100012 (base 3) to base 7
1326545
What is -3222113231 (base 4) in base 9?
-1722755
Convert -1111022222100 (base 3) to base 9.
-1438870
What is 2982369 (base 10) in base 2?
1011011000000111100001
-1aa6a63 (base 12) to base 6
-322011003
What is -2100222200012 (base 3) in base 10?
-1259474
4604380 (base 10) to base 7
54064564
11053181 (base 9) to base 6
310354244
Convert -2552373 (base 8) to base 14.
-1469bd
What is -13242050 (base 8) in base 13?
-7cb387
-131300231020 (base 4) to base 15
-a41917
What is -17d3a6 (base 14) in base 7?
-10111066
Convert 124115 (base 9) to base 12.
37612
What is -111c67 (base 13) in base 6?
-12355044
7b23 (base 12) to base 4
3112023
Convert -415ba77 (base 12) to base 9.
-25152651
533213302 (base 6) to base 3
122200100011002
Convert -12211102121 (base 3) to base 10.
-114766
Convert -11d6c (base 16) to base 7.
-423012
What is 4852a0a (base 11) in base 3?
120220101121101
1223442 (base 10) to base 2
100101010101100010010
What is 110012121 (base 3) in base 10?
8899
821718 (base 16) to base 13
19c673a
What is 11112121100 (base 3) in base 2?
10101110100100011
What is 65316146 (base 7) in base 13?
1206b24
40446623 (base 8) to base 4
200210312103
Convert 5307334 (base 9) to base 4.
22311102301
What is 2414241310 (base 5) in base 14?
a636d4
What is 64868 (base 9) in base 12?
20a68
Convert -14332323 (base 7) to base 3.
-2112201102210
What is 12000001022221 (base 3) in base 9?
5001287
Convert 140244 (base 11) to base 6.
4414025
Convert 11011101101011111 (base 2) to base 5.
12113003
What is -10a8c3 (base 15) in base 6?
-25013020
What is -103015 (base 9) in base 16?
-ef42
What is -203310131 (base 5) in base 8?
-3145026
177660 (base 10) to base 4
223113330
Convert 122201212211 (base 3) to base 4.
1111032301
What is 2001220022200 (base 3) in base 16?
10ca07
What is -15857282 (base 9) in base 15?
-a70b75
What is -9566029 (base 10) in base 16?
-91f74d
-120211032 (base 4) to base 2
-11000100101001110
Convert 2300601 (base 7) to base 2.
1000101110100111110
What is -1763573 (base 8) in base 6?
-15034111
What is 16475150 (base 9) in base 3?
120112112011200
Convert -411634 (base 11) to base 9.
-1216566
11223623 (base 7) to base 13
284657
Convert 528582 (base 9) to base 10.
314678
254a6 (base 16) to base 12
74486
What is -5240104 (base 6) in base 4?
-332001220
What is -49496 (base 10) in base 7?
-264206
-90535 (base 11) to base 5
-13214122
What is -2a9202 (base 11) in base 13?
-13aa78
Convert -10020012210112 (base 3) to base 2.
-110100011000110100111
What is 185806 (base 11) in base 5?
33121213
Convert -1199e2 (base 16) to base 14.
-220534
What is 4189da (base 15) in base 3?
12212101012121
-4215143 (base 6) to base 3
-101101200100
What is 1211222200022 (base 3) in base 14?
1b87d9
Convert 4f8b7 (base 16) to base 2.
1001111100010110111
-101000000010111111110101 (base 2) to base 7
-155142344
What is -1112011200 (base 3) in base 9?
-45150
Convert -202112022201010 (base 3) to base 12.
-37a20b6
Convert -1304251105 (base 6) to base 9.
-31747515
Convert 1000011000000101010 (base 2) to base 12.
112a0a
-284b9 (base 15) to base 6
-2434420
29976 (base 12) to base 13
20781
What is -a7831 (base 11) in base 9?
-257883
-54089 (base 14) to base 3
-101022201002
-17cb9 (base 16) to base 12
-484a1
What is -2a230 (base 13) in base 12?
-39ba5
Convert 1259820 (base 12) to base 13.
9925a1
5532340 (base 6) to base 14
72b40
What is 3b2698 (base 13) in base 2?
101011101111111101111
-12984 (base 16) to base 15
-17879
What is -186bcca (base 13) in base 6?
-443205200
Convert 231122001 (base 4) to base 6.
3553013
Convert -3320020322 (base 4) to base 3.
-1220122012122
What is 11564120 (base 7) in base 6?
34151432
Convert -22010113111 (base 4) to base 13.
-715435
-616b13 (base 12) to base 10
-1525695
Convert 368b5 (base 12) to base 9.
122282
What is -11443431 (base 5) in base 8?
-325271
-172437 (base 10) to base 8
-520625
What is 11101211020 (base 3) in base 6?
1505010
62273 (base 14) to base 16
39bbd
f0a3 (base 16) to base 4
33002203
What is 547b33 (base 13) in base 8?
7452625
345022 (base 6) to base 12
15172
-2225051 (base 6) to base 3
-12201102011
What is -341313 (base 8) in base 15?
-242d8
-254671 (base 9) to base 3
-21211202101
What is -10323400 (base 5) in base 4?
-111302021
What is 19750 (base 10) in base 6?
231234
Convert -146185 (base 10) to base 15.
-2d4aa
Convert 10562562 (base 10) to base 14.
158d48a
What is -219321 (base 12) in base 2?
-10000010011110001001
1011011100100011101001 (base 2) to base 4
23130203221
What is 1ec5b (base 16) in base 13?
454a8
-